15 (base 15) in base 4?
111122
1207 (base 8) to base 11
539
What is -6647 (base 12) in base 15?
-3527
-2153 (base 8) to base 11
-939
3bcc (base 13) to base 7
34061
-366a (base 12) to base 10
-6130
-120010 (base 3) to base 9
-503
Convert -569 (base 12) to base 2.
-1100100001
Convert aa (base 12) to base 6.
334
Convert -1345 (base 8) to base 4.
-23211
What is 20133211 (base 4) in base 16?
87e5
-53013 (base 6) to base 5
-212022
What is -926 (base 10) in base 12?
-652
What is -26516 (base 7) in base 11?
-5391
Convert 202000 (base 3) to base 5.
4130
What is 1221230 (base 5) in base 14?
86d5
Convert 52 (base 14) to base 6.
200
-13312 (base 4) to base 6
-2154
-5444 (base 12) to base 16
-2434
Convert 41326 (base 9) to base 5.
1332430
What is -75365 (base 9) in base 6?
-1022522
Convert 5001 (base 7) to base 2.
11010110100
What is 138 (base 14) in base 2?
11110110
What is -6c0 (base 15) in base 16?
-5fa
Convert -270 (base 15) to base 6.
-2323
Convert -1312322 (base 4) to base 10.
-7610
-d35 (base 15) to base 13
-147b
Convert -1036 (base 7) to base 16.
-172
What is -534022 (base 6) in base 2?
-1010101001111110
What is 2ca (base 14) in base 7?
1443
2134 (base 7) to base 15
35a
-572 (base 16) to base 7
-4031
-331203 (base 4) to base 9
-5356
Convert -102100111 (base 3) to base 9.
-12314
Convert 11100111 (base 2) to base 3.
22120
What is 3852 (base 12) in base 14?
2490
100010111011 (base 2) to base 16
8bb
4861 (base 9) to base 13
1855
1cb (base 13) to base 3
110110
1540 (base 6) to base 16
1a4
-151 (base 10) to base 4
-2113
-736 (base 9) to base 8
-1130
What is 4121 (base 6) in base 15?
40d
What is 4b8 (base 12) in base 4?
23030
What is 2210 (base 6) in base 11?
424
Convert -1028 (base 15) to base 8.
-6525
Convert -321c (base 15) to base 5.
-314402
-444 (base 14) to base 2
-1101001100
Convert -e7 (base 16) to base 14.
-127
-10112211 (base 4) to base 10
-17829
What is 83a5 (base 13) in base 5?
1040333
b10 (base 14) to base 3
2222101
2001210 (base 3) to base 9
2053
661 (base 8) to base 14
22d
Convert 6304 (base 8) to base 12.
1a84
4809 (base 10) to base 15
1659
3521 (base 6) to base 16
349
Convert -126 (base 8) to base 10.
-86
What is 61c9 (base 16) in base 10?
25033
-11a1 (base 11) to base 8
-3033
What is -3101324 (base 5) in base 8?
-142046
Convert 1122212 (base 3) to base 11.
a01
What is -3f3 (base 16) in base 15?
-476
What is 536 (base 13) in base 14?
478
What is -76 (base 14) in base 3?
-10212
Convert 1694 (base 10) to base 8.
3236
Convert 100111010 (base 3) to base 16.
1b03
-1101000101111 (base 2) to base 14
-262b
Convert -101110101011 (base 2) to base 4.
-232223
What is 2cb55 (base 13) in base 7?
504011
-22203 (base 4) to base 8
-1243
11164 (base 7) to base 10
2839
Convert 84385 (base 9) to base 2.
1101100110101100
What is -1562 (base 7) in base 6?
-2532
What is -e76 (base 15) in base 3?
-11110210
What is -30034 (base 5) in base 11?
-1472
Convert -4c35 (base 13) to base 16.
-2a6c
Convert 1100010001 (base 2) to base 16.
311
-21152 (base 7) to base 16
-146f
What is -218 (base 15) in base 13?
-2a5
What is -62ce (base 16) in base 12?
-1277a
-1110110001 (base 2) to base 8
-1661
What is -4515 (base 7) in base 3?
-2020100
What is 50330 (base 6) in base 13?
3012
520523 (base 6) to base 9
63136
What is -1413 (base 5) in base 4?
-3221
Convert -215 (base 13) to base 4.
-11210
Convert 3104 (base 6) to base 2.
1010110000
211212 (base 3) to base 16
269
Convert 21 (base 6) to base 8.
15
-37647 (base 8) to base 3
-211100112
What is 299c (base 16) in base 8?
24634
What is -1651 (base 8) in base 14?
-4ad
What is 44648 (base 10) in base 15?
d368
What is 13433 (base 5) in base 9?
1472
-10122131 (base 5) to base 15
-197e6
Convert -1001111101100010 (base 2) to base 13.
-15758
-154f (base 16) to base 9
-7431
What is -10101111011110 (base 2) in base 14?
-4142
4645 (base 11) to base 8
13723
Convert 3b45 (base 12) to base 4.
1222211
Convert 527 (base 13) to base 4.
31232
What is -8946 (base 13) in base 16?
-4ad3
Convert 3251 (base 10) to base 16.
cb3
What is 960 (base 14) in base 7?
5250
Convert -1011001010 (base 2) to base 11.
-59a
89d2 (base 14) to base 3
1012210012
Convert 175 (base 15) to base 10.
335
What is 203011 (base 4) in base 14?
b65
Convert 10000111110 (base 2) to base 11.
8a8
What is 2e2b (base 16) in base 10?
11819
What is -11021000 (base 3) in base 11?
-2373
315 (base 12) to base 6
2025
Convert 3345 (base 10) to base 16.
d11
1635 (base 12) to base 14
d61
Convert -1a2 (base 14) to base 6.
-1322
What is 13c (base 16) in base 11?
268
-32320 (base 6) to base 4
-1011120
-1100011220 (base 3) to base 2
-110011100001000
210333 (base 4) to base 2
100100111111
840 (base 10) to base 13
4c8
Convert 643 (base 10) to base 12.
457
What is -3113 (base 6) in base 7?
-2010
What is 1024310 (base 5) in base 11?
12129
23441 (base 6) to base 3
11200021
-223643 (base 8) to base 6
-1342215
What is 11083 (base 12) in base 5?
1210223
Convert 42060 (base 7) to base 14.
3aa0
What is -2504 (base 6) in base 7?
-1540
What is -9a7 (base 15) in base 13?
-cbb
Convert -1132 (base 10) to base 4.
-101230
-5341 (base 8) to base 6
-20521
Convert -1111202 (base 4) to base 3.
-21111202
-440143 (base 5) to base 14
-56ac
What is 54ba (base 12) in base 8?
22216
371 (base 10) to base 9
452
541 (base 6) to base 5
1310
551 (base 6) to base 14
111
What is -2314 (base 10) in base 3?
-10011201
-20001122 (base 3) to base 16
-1142
102445 (base 6) to base 13
3a79
-438 (base 14) to base 7
-2301
1330 (base 7) to base 11
425
-1111001111100 (base 2) to base 7
-31516
5c (base 14) to base 15
57
136 (base 7) to base 6
204
Convert 440 (base 5) to base 11.
aa
Convert -854 (base 13) to base 9.
-1848
Convert 22 (base 5) to base 6.
20
Convert 3135 (base 8) to base 10.
1629
-493 (base 10) to base 3
-200021
cb (base 16) to base 8
313
Convert -10c2 (base 14) to base 7.
-11332
Convert -6b (base 15) to base 16.
-65
What is 267 (base 16) in base 5?
4430
Convert 2312 (base 4) to base 14.
d0
b17 (base 12) to base 6
11231
What is 104203 (base 5) in base 6?
25010
Convert -1103022 (base 4) to base 5.
-132242
What is -5680 (base 9) in base 3?
-12202200
What is 621 (base 8) in base 15?
1bb
Convert -703 (base 12) to base 14.
-523
Convert 2a3 (base 16) to base 4.
22203
What is 213241 (base 6) in base 16?
44b9
What is -152552 (base 6) in base 5?
-434100
Convert -399 (base 14) to base 7.
-2052
Convert -12a (base 12) to base 5.
-1203
Convert -4222 (base 6) to base 4.
-32312
What is -20362 (base 10) in base 3?
-1000221011
-6057 (base 8) to base 4
-300233
What is 9931 (base 10) in base 16?
26cb
Convert 1487 (base 13) to base 6.
21452
Convert -237 (base 13) to base 9.
-466
What is -10100010110111 (base 2) in base 16?
-28b7
What is 20132002 (base 4) in base 3?
1202120211
12001020 (base 3) to base 9
5036
What is 35a4 (base 13) in base 5?
220240
-124311 (base 5) to base 11
-37a6
4976 (base 15) to base 2
11110100010100
610 (base 9) to base 10
495
-6a (base 16) to base 5
-411
2323 (base 12) to base 5
111130
What is -15163 (base 7) in base 16?
-1072
What is -54e (base 16) in base 11?
-1025
Convert 11122101 (base 3) to base 16.
d39
What is 202111000 (base 3) in base 12?
8783
Convert 202122 (base 3) to base 2.
1000101101
What is 613 (base 7) in base 12?
214
6424 (base 16) to base 12
12a04
Convert -1a6 (base 16) to base 3.
-120122
Convert -3b6 (base 15) to base 4.
-31032
Convert -7d (base 16) to base 13.
-98
Convert -1010000001 (base 2) to base 14.
-33b
What is -1134 (base 9) in base 7?
-2311
Convert -7360 (base 8) to base 10.
-3824
What is 2035 (base 10) in base 5?
31120
15565 (base 9) to base 5
320140
What is 724 (base 8) in base 9?
570
-748 (base 11) to base 3
-1020022
-322310 (base 5) to base 2
-10101011001011
-8764 (base 9) to base 2
-1100100111001
7b (base 13) to base 10
102
What is -104411 (base 7) in base 13?
-84a1
Convert -d037 (base 15) to base 5.
-2401202
-441 (base 5) to base 4
-1321
Convert 30 (base 11) to base 10.
33
What is -5576 (base 11) in base 4?
-1302233
What is 40b (base 12) in base 8?
1113
What is 519 (base 10) in base 12?
373
Convert 110111000 (base 2) to base 13.
27b
What is 2333213 (base 4) in base 2?
10111111100111
Convert -101201 (base 6) to base 3.
-102001201
What is -c769 (base 15) in base 9?
-63760
What is 2208 (base 14) i